o = 28 + -17. List the prime factors of o.
11
Suppose -5*j - 205 = -5*n, j + 159 = 4*n - 2*j. Suppose 6*f = 2*f + n. Suppose 0*k - k = -f. List the prime factors of k.
3
Let n = -14 - -20. Let p be (2/n)/((-8)/24). Let j = p + 8. What are the prime factors of j?
7
Suppose -13 = 4*o - 917. List the prime factors of o.
2, 113
Suppose -5*c = c - 78. List the prime factors of c.
13
Suppose -5*r - 4*l - 19 = 7, 2*r + 16 = 4*l. List the prime factors of (-7)/(-2 + (-9)/r).
2, 7
Let y(d) = 191*d - 5. List the prime factors of y(1).
2, 3, 31
Suppose -5*z + j = -360, -576 + 201 = -5*z + 4*j. What are the prime factors of z?
71
List the prime factors of -27*(-6 + 2) - 3.
3, 5, 7
Suppose 3*q - h + 88 = 3*h, 3*q - 2*h = -80. Let r = q - -39. What are the prime factors of (-74)/(-10) - 6/r?
7
Suppose -3*q - 22 = -t, 4*t + 5*q + 0 - 37 = 0. What are the prime factors of t?
13
Let l(z) = 4*z**2 - 7. Let w(f) = 3*f**2 - f - 6. Let k(h) = -4*l(h) + 5*w(h). What are the prime factors of k(-4)?
2
Suppose p = -r - 1, 14 - 1 = -r - 5*p. Suppose 4*q - r*h + 4*h = 46, 4*h - 14 = -2*q. List the prime factors of q.
13
Suppose p - 4 = -1. Suppose -5*m = -18 + p. Suppose -2*s + 9 = 3*k - 12, 0 = 4*k - m*s - 28. List the prime factors of k.
7
Let f = -15 + 25. List the prime factors of f.
2, 5
Suppose -39 = 5*r - 4*n + 2*n, -9 = 3*n. Let j(c) = c**3 + 8*c**2 - 12*c - 11. List the prime factors of j(r).
2
Suppose -3*d = -3 + 6. Let i be -1*(d + (3 - 1)). What are the prime factors of i/3*12/(-2)?
2
Let r = 8 + -3. Suppose 3*p - c - 45 = 0, -p + r*c = 2*p - 57. What are the prime factors of p?
2, 7
Suppose 0 = 7*i + 2*i - 1314. What are the prime factors of i?
2, 73
Suppose 0 = 5*n + 4*g - 358, n + 163 = 3*n - 5*g. What are the prime factors of n?
2, 37
Let f(i) be the second derivative of -i**3/6 + 9*i**2/2 + 3*i. Let x(g) = -4. Let p(b) = -3*f(b) - 5*x(b). What are the prime factors of p(8)?
17
Suppose 2*x - c = 9, 4*c + 3 = -3*x - 11. Let v(b) = 13*b**2 - 2*b + 1. What are the prime factors of v(x)?
7
Suppose 5*z - 104 = z. What are the prime factors of z?
2, 13
Suppose 2*t + 0 = 12. What are the prime factors of t?
2, 3
Suppose -3*k = -3 + 6, 0 = w - 3*k - 11. Let b = w - 2. List the prime factors of b.
2, 3
Let n = 12 - -3. What are the prime factors of n?
3, 5
Let l = -50 + 95. What are the prime factors of l?
3, 5
Let v be (-27)/(-12) - (-1)/(-4). Suppose i = -4, -v*i - 15 = -g - 2. What are the prime factors of g?
5
List the prime factors of 2214/15 + (-4)/(-10).
2, 37
Let g be 80/(-12)*(-2 - -5). Let q be (-1)/(-4) + (-95)/g. Let w(o) = 2*o - 1. What are the prime factors of w(q)?
3
Let o(s) = s**3 - 5*s**2 - 3*s - 5. Let v be o(6). Suppose 3*q - v = -p, -2*q = -2*p + q + 8. Suppose -p*h + 12*h = 55. List the prime factors of h.
11
Suppose i - 2*i + 3*v = -6, 3*v = 3*i - 30. List the prime factors of i.
2, 3
Let z(o) = o + 1. Let a(v) = 4*v + 8. Let r(j) = -2*a(j) + 10*z(j). Let l be (0 + 32/(-20))/((-2)/5). What are the prime factors of r(l)?
2
Let x = -32 + 58. What are the prime factors of x?
2, 13
Let g be (6/15)/(4/10). List the prime factors of (-1 - -2) + g + 2.
2
Let x(j) = -2*j + 3. Let t(b) = b - 1. Let g be t(-4). What are the prime factors of x(g)?
13
Let d = -8 + 14. Suppose -5*r + 27 = p, 0 = 2*p + 2*r - 59 + 13. Suppose 4*l - d*l + p = 0. What are the prime factors of l?
11
Let c(v) = -v**3 + 5*v**2 + 5*v + 1. Let a be c(6). Let w = 7 + a. Suppose -4*y + 6*y - 2*r - 18 = 0, 2*y + w*r = 30. List the prime factors of y.
2, 3
Let j(s) = -s**3 + 10*s**2 - 17*s + 4. What are the prime factors of j(7)?
2
Suppose 4*f + 3*p = 367, -2*p - 360 = -4*f + 2*p. What are the prime factors of f?
7, 13
Let u be (-2 + -1)*2/3. Let t = u + 8. List the prime factors of (-112)/(-21) - 2/t.
5
Let q = 8 - 14. What are the prime factors of (0 - q/4)*6?
3
Suppose -17 = -3*t + r, 3*r + 9 + 18 = 5*t. Suppose 2*y = t*y - 92. What are the prime factors of y?
23
Let v(u) be the first derivative of u**2/2 + 46*u + 5. List the prime factors of v(0).
2, 23
Suppose 0 = -o - g + 17, 5*o - 2*g + g - 109 = 0. Suppose -2*t + 5*t - o = 0. What are the prime factors of t?
7
Let h = 0 - -4. List the prime factors of h.
2
Suppose 3*a = -2*c + 41, -4*a = 2*c - 40 - 18. Let t = -7 + a. What are the prime factors of t?
2, 5
Let b = -6 - -1. What are the prime factors of (-1)/b - (-1120)/25?
3, 5
Let f = -47 - -23. Let w = -15 - f. What are the prime factors of w?
3
Let a = 115 + -3. Suppose 11*i - a = 7*i. What are the prime factors of (0 - 1)/((-2)/i)?
2, 7
Let c(b) be the second derivative of b**4/12 + 4*b**3/3 + 11*b**2/2 - 5*b. List the prime factors of c(-9).
2, 5
Suppose 7 = t - 148. What are the prime factors of t?
5, 31
What are the prime factors of (10/25)/((-3)/(-195))?
2, 13
Suppose 0 = -v - 0*v + 20. List the prime factors of v.
2, 5
Let n = 59 - -45. List the prime factors of n.
2, 13
Let v be (-40)/(-15) + (-1)/(-3). Let h be 69/v - -2 - 2. Suppose 0 = -5*t - h + 58. What are the prime factors of t?
7
Let h = -11 + 6. Let n be (-2 - h*1) + -1. List the prime factors of -2 + 3 - (-10 + n).
3
Suppose 3*d - 29 = 7. Suppose 0*l = -l + d. List the prime factors of l.
2, 3
Let o = -30 + 71. Suppose -g + 3*g + 22 = -2*w, -4*g - 5*w = o. Let f = g + 27. What are the prime factors of f?
13
Let y be (-3)/(2 - -1)*-12. Let z = 17 - y. Suppose -3*j = -6*j - 4*n + 43, z*j - n = 41. List the prime factors of j.
3
Suppose 27 = 5*w - 2*w. Suppose 0*d - 3*d = w. List the prime factors of d/2 + (-70)/(-4).
2
Let x be (-4)/(8/(-6)) + 1. Suppose -4*o + h - 30 = 0, 3*o + 29 = x*h - 0*h. Let u = o + 11. What are the prime factors of u?
2
Let m(l) = l**2 - 5*l - 2. Let g be m(6). Suppose -5*q - 3 = 3*b + 8, 4*b + 4*q + g = 0. What are the prime factors of b?
3
Suppose -5*g + 0*g + 2*q = -198, 3*g - 5*q - 115 = 0. Suppose 0*c - 48 = -4*v + 4*c, -5*v + c = -g. List the prime factors of v.
7
Let u(b) = 30*b**3 - 2*b**2 + b - 2. What are the prime factors of u(2)?
2, 29
What are the prime factors of (-2 - -3) + 7*17?
2, 3, 5
Let g = -19 - -11. Let s = g - -31. Suppose -4*h - s = -67. What are the prime factors of h?
11
Let q(u) = 2*u - 1. Let z be q(3). Let b = 7 - z. Let m(y) = y**3 - y**2 + 4*y - 3. List the prime factors of m(b).
3
Let m(t) = 90*t + 7. What are the prime factors of m(3)?
277
Let g(x) = x**2 + 10*x + 8. Let i be g(-10). Suppose -6*f + 2*f + i = 0. List the prime factors of f.
2
Let j be -2 - (2 - -6) - -3. What are the prime factors of (3/(-3) + j)*-2?
2
Let i = -44 + 28. Let d = 47 + i. What are the prime factors of d?
31
Let f = -1 - -1. Let j be 3 + 0 + 2 + f. Suppose -j*w + 2*w = -27. What are the prime factors of w?
3
Let i be (-14)/(-1 - -3)*-1. Let x be 4 + 1/((-2)/4). Suppose i*l - 20 = 2*l + 2*j, 0 = -x*l + 2*j + 14. List the prime factors of l.
2
Let j(t) = -t**2 + 7*t - 6. Let n be j(4). Let w(x) = x**2 + 4*x - 2. Let b be w(-5). Let o = b + n. List the prime factors of o.
3
Suppose 29 = o - 0*o. List the prime factors of o.
29
Suppose 0*g - 3*g = -15. Let s = 17 - 17. Suppose 3*f = s, -g*z - f + 61 = 6. List the prime factors of z.
11
List the prime factors of -1 - ((-9)/(-3) - 32).
2, 7
Suppose 5*o = 58 + 182. List the prime factors of o.
2, 3
Let q be (-2*3 - -3) + 1. Let m(l) = -l**3 - 4*l**2 + 5*l + 2. Let h be m(-5). What are the prime factors of q*2/((-4)/h)?
2
Suppose 0*v + 2*h - 16 = -3*v, -3*h - 20 = -v. Let k be -1 - -8 - (3 + -5). What are the prime factors of v/12 - (-183)/k?
3, 7
Let y(h) be the third derivative of 0 + 0*h + 0*h**3 + 1/8*h**4 - 2*h**2. What are the prime factors of y(1)?
3
Let o(p) = -10*p**3 - 1. Let m = 9 + -10. List the prime factors of o(m).
3
Let o(j) = 17*j**2 - 3. List the prime factors of o(-2).
5, 13
Suppose -x - 4*x = -165. List the prime factors of x.
3, 11
Let n(f) = 2*f**2 - 3*f - 4. Let t be (14 + -4)*(-4)/(-10). What are the prime factors of n(t)?
2
List the prime factors of 273*(-2)/(-15) - (-8)/(-20).
2, 3
Suppose -4*q + 365 = q + 5*v, 4*v = 0. What are the prime factors of q?
73
Let n(s) be the first derivative of -s**4/12 + 4*s**3/3 - 5*s**2/2 - s - 2. Let a(q) be the first derivative of n(q). List the prime factors of a(5).
2, 5
Let k be (-34)/12 + 1/(-6). List the prime factors of ((-4)/(-10))/(k/(-15)).
2
Suppose 5*h = 